 + 5*f - 150 = 0. What is the remainder when 777 is divided by b?
27
Suppose -3*a - 23 = -2*w, 4*w + 4*a - 6 = 2*a. Suppose -7 = 4*t + b + 5, -12 = -3*b. What is the remainder when t - (-45)/3 - 0 is divided by w?
3
Let m be ((-1)/(-2))/((-57)/30 + 2). Suppose 5*u = -0*u + 5*r + 90, -m*r = u - 48. Calculate the remainder when u is divided by 8.
7
Let i = 16 - 10. Let a = -16 - -49. Calculate the remainder when i is divided by a/15 + 8/10.
0
Let f(i) = 12*i - 30. Calculate the remainder when f(6) is divided by 11.
9
Suppose 9*b = 10*b. Suppose -5*j + 2*j - 2*o + 2 = 0, -15 = 3*o. Suppose j*g + g - 5 = b. What is the remainder when 3 is divided by g?
0
What is the remainder when (-26*4/4 + 1)*-9 is divided by 64?
33
What is the remainder when 312 is divided by (-159)/(-265)*30/2?
6
Suppose -6*f - 3*s = -4*f - 48, 3*s + 42 = f. What is the remainder when f is divided by 13?
4
Suppose -5*a - 11 = -3*n + 5, -56 = -5*n + a. Calculate the remainder when 42 is divided by n.
6
Suppose -2*q = -2*r + 2, q = -0*r - 4*r + 19. Let f be 10*4/(32/r). What is the remainder when 26 is divided by -12*f/((-20)/3)?
8
Calculate the remainder when -2 - 1 - 6*-7 is divided by 8.
7
Suppose 0 = 2*b - 8*b - 5*b. Calculate the remainder when (-2)/7 - (-415)/7 is divided by 4*(-189)/144*(b - 4).
17
Suppose 55 + 0 = 5*u. Suppose -u*f = -16*f + 100. What is the remainder when f is divided by (48 - -4)*(-1)/(-4)?
7
Suppose -4*v - 14 + 46 = 0. What is the remainder when 6 is divided by v/(-12)*-2*9/6?
0
Let u(y) = 3*y**2 - y + 1. Let m = 5 + -4. Let n be u(m). Suppose -42 = 5*f - 4*z - 149, 3*f + n*z - 48 = 0. What is the remainder when f is divided by 5?
4
Let u(s) = -2*s - 19. Let q be 5/(-5) - 7/1. Let b be u(q). Calculate the remainder when (-2080)/(-48) + 1/b is divided by 22.
21
Let p(s) = s**2 + 8*s + 12. Let z be p(-7). Suppose b = 0, 5*c = z*b + 263 - 8. What is the remainder when c is divided by 14?
9
Let d(b) = 6*b**2 - 2. Let k be d(3). Suppose -n - k = 54. Let m = -72 - n. Calculate the remainder when m is divided by 7.
6
Let w(d) = d**3 - 7*d**2 + 7*d - 2. Suppose 2*s - 5*r + 34 = -2*s, -5*s + 3*r = 36. What is the remainder when s/(-2) + -1 + 3 is divided by w(6)?
1
Suppose 0 = 2*w + 4*f - 8 - 4, -4*f = 4*w - 4. Calculate the remainder when 25 is divided by ((-4)/(-6))/(w/(-78)).
12
Let y = 137 + -72. Suppose 0 = 26*t - 29*t + 51. What is the remainder when y is divided by t?
14
Let k = 16 - 12. Let z(t) = 7*t - 1. Suppose 5*m + 6 = 3*u - 1, 2*m = u - 2. Calculate the remainder when z(m) is divided by k.
2
Let o = -29 + 75. Calculate the remainder when o is divided by 25.
21
Let g(n) = 47*n + 18. What is the remainder when 74 is divided by g(0)?
2
Calculate the remainder when (14/7 + -59)*10/(-3) is divided by 173.
17
Let q(c) = -c**3 - 3*c**2 + 4. Let b be q(-3). Suppose 0 = -y - y - 4*x + 24, b*x = 2*y + 8. Let n = y + -1. Calculate the remainder when 9 is divided by n.
0
Let y = 39 + -13. Let t(b) = -37*b + 2. Let g(j) = -12*j + 1. Let v(w) = 11*g(w) - 4*t(w). Calculate the remainder when v(3) is divided by y.
25
Let o = -34 - -58. Suppose -2*d + 4*u = 2, 0*u + 32 = 4*d + 4*u. Suppose 4*k = -5*r + 36, d*k + r = 2*r + 74. What is the remainder when o is divided by k?
10
Suppose 0 = -3*h - 0*h. Suppose -6*d + h*d = -276. What is the remainder when d is divided by 12?
10
Suppose 10*u + 157 + 303 = 0. Let z = -23 - u. Calculate the remainder when 42 is divided by z.
19
Let l(b) = 2*b**2 - 2*b. Let s = 12 - 9. Let h = -104 + 149. Calculate the remainder when h is divided by l(s).
9
Let c(j) = j**2 + 2*j + 2. Calculate the remainder when 62 - 9*3/(-9) is divided by c(-5).
14
Let p be (-2)/4*(-274)/1. Let a = p + -79. Let o = a + -28. Calculate the remainder when o is divided by 11.
8
What is the remainder when (-62)/(1*(-1)/4) is divided by 28?
24
Let p be (-2 + 3)*8/6*3. Let x(u) = 10*u + 13. What is the remainder when x(p) is divided by 19?
15
Suppose 3*d - 16 = -1. Suppose -f + d*f = 52. Calculate the remainder when 90 is divided by f.
12
Suppose 3*p - 7*p + 282 = 5*f, f = -4*p + 290. What is the remainder when 509 is divided by p?
71
Suppose m - 4 + 1 = 0. Suppose m*w + 22 - 88 = 0. Calculate the remainder when w is divided by 5.
2
Calculate the remainder when 234 is divided by (-12)/24*(-66)/(-3)*-1.
3
Let a = 7 + -1. Let b(v) = -v**3 - v + 1. Let u(x) = -3*x**3 + 5*x**2 + 7*x - 7. Let r(d) = -2*b(d) + u(d). Calculate the remainder when r(6) is divided by a.
3
Suppose 5*g = 3*v + 1 + 30, 5 = -g - 5*v. Suppose 0*n - 3*x + 48 = 2*n, -g*n - 3*x = -120. What is the remainder when 119 is divided by n?
23
Let w(m) = 3*m - 12. Let p = 33 + -28. Let a be w(p). Suppose 0 = -2*f - a + 5. What is the remainder when f is divided by 1?
0
Suppose q - 52 = -3*q. Let o(r) = -r**3 + 7*r**2 - 2*r + 2. Calculate the remainder when o(3) is divided by q.
6
Let r = -48 + 57. Suppose 77 + 31 = r*p. Suppose -j = 4*a - 40, 2*j + 2*j - 3*a = 179. Calculate the remainder when j is divided by p.
8
Suppose -141 = -a + 4*w, -13*a = -14*a - w + 146. What is the remainder when a is divided by 30?
25
Let x(h) = h**2 - 10*h + 35. Suppose -11*k + 19 + 58 = 0. Calculate the remainder when x(k) is divided by 4.
2
Let l(c) = 2*c**2 - 5*c - 29. Let u = -60 + 110. Let j = -35 + u. Calculate the remainder when l(8) is divided by j.
14
Let z = 15 - 8. Let m(p) = p**2 - 21*p - 12. Let h be m(22). Calculate the remainder when (11 - h)*12*2 is divided by z.
3
Let j be -1 - (-12)/(0 + -4). Let i(w) = 0*w + w + w**2 + 2*w + 6 + 3. What is the remainder when i(j) is divided by 7?
6
Let y(m) = 5*m + 25. Let b be y(-5). Suppose k + 96 - 281 = b. What is the remainder when k is divided by 31?
30
Let s(r) = r**2 + 5*r - 7. Calculate the remainder when 235 is divided by s(-8).
14
Calculate the remainder when 207 is divided by -1 + (4/12)/((-1)/(-60)).
17
Suppose 31*b - 590 = -28*b. Calculate the remainder when 229 is divided by b.
9
Let g be (-653)/(-7) + (-16)/56. Suppose u = -2*u + g. Let p = u - 12. Calculate the remainder when 37 is divided by p.
18
Let y(v) = -7*v - 19. Let m be y(-9). Let c = -1 - -1. Suppose c*b + m = b. What is the remainder when b is divided by 23?
21
Let x(u) = 2*u**2 - 32*u + 8. Calculate the remainder when 145 is divided by x(17).
19
Suppose 0 = 5*p - 0*p + 280. Let u = 92 + p. Suppose -4*a + 5*j + 57 = -14, -2*a - 3*j = -41. Calculate the remainder when u is divided by a.
17
Suppose 5*m - 3*m = 108. Let n = -7 - -6. What is the remainder when m is divided by 1 - (n - 29) - 3?
26
Suppose -339 = -2*b + w, -351*b + 355*b + 5*w - 671 = 0. What is the remainder when b is divided by 90?
79
Calculate the remainder when ((-707)/(-14))/(1/2) is divided by (-1136)/(-44) - (-4)/22.
23
Let c(v) = -v**2 + 14*v - 18. Let f be c(13). Let s be (6 + f)/((-1)/11). Let w(j) = j**2 + 9*j + 10. Calculate the remainder when w(s) is divided by 11.
10
Let n be 6/(-39) + (-498)/(-26). Let i = -21 + n. Calculate the remainder when 23 is divided by (-1)/((-22)/10 - i).
3
Suppose 3*g = -3*u - 6, 2*u + 16 = -0*u - 5*g. What is the remainder when u is divided by 2?
0
Suppose -3*d = -2*u - 6, -u = -2*d - 2*d + 8. Suppose 0 = 6*l - u*l - 150. What is the remainder when 72 is divided by l?
22
Suppose 3*g = 2*g + 2. Let r = -648 - -651. What is the remainder when r is divided by g?
1
Let c = -138 - -221. What is the remainder when c is divided by 44?
39
What is the remainder when 34/(-51) - 10/12*-530 is divided by 114?
99
Suppose 2*n + 24 = 6*n. Let b(l) = 13*l + 1. Calculate the remainder when b(3) is divided by (35/15)/(1/n).
12
Suppose -3*f = -6*f + 4*y + 197, 3*f - 205 = 2*y. Calculate the remainder when 275 is divided by f.
62
Let q = -27 - -39. Let r(i) = -6*i**2 + 19*i + 8. Let l(j) = -5*j**2 + 18*j + 8. Let b(g) = 5*l(g) - 4*r(g). What is the remainder when b(13) is divided by q?
9
Let q be (39/12 + -1)*4 + -3. Suppose q = 9*p - 102. Calculate the remainder when 20 is divided by p.
8
What is the remainder when 203 is divided by ((-40)/220 + (-38)/33)*-48?
11
Suppose 38*y - 30000 = -2*y. Calculate the remainder when y is divided by 47.
45
Let z = -41 + 45. Suppose 136 = 5*r + z*h, -4*r + 26 = -3*h - 58. Calculate the remainder when r is divided by 8.
0
Suppose v - 4*s - 84 = 0, 8*s - 13*s - 10 = 0. Cal